mon factor of 324195347 and 266?
133
Calculate the highest common divisor of 932 and 43726877.
233
What is the greatest common divisor of 90 and 2944584?
18
Calculate the highest common factor of 22132 and 42262.
22
What is the highest common factor of 26377 and 29991?
13
Calculate the greatest common divisor of 782 and 2213359.
23
What is the highest common factor of 373394048 and 856?
856
What is the highest common factor of 17346661 and 6?
1
Calculate the greatest common divisor of 325 and 255681725.
325
Calculate the greatest common divisor of 692308 and 1564.
68
Calculate the highest common divisor of 6608 and 78352.
944
Calculate the greatest common divisor of 23939 and 470369.
647
What is the highest common divisor of 2548 and 5356884?
52
Calculate the highest common factor of 84 and 41288196.
12
What is the greatest common divisor of 405 and 16546665?
15
What is the highest common divisor of 27716 and 617788?
164
Calculate the highest common factor of 9 and 87335628.
3
Calculate the greatest common factor of 14743418 and 5238.
194
What is the highest common divisor of 1034901 and 1337?
7
Calculate the greatest common factor of 74 and 6619633.
37
What is the greatest common divisor of 131 and 8878787?
131
What is the highest common divisor of 9 and 629645409?
9
What is the highest common divisor of 56 and 110011524?
28
Calculate the highest common factor of 265895 and 200.
5
Calculate the highest common factor of 32795048 and 143.
143
What is the greatest common factor of 383168 and 342928?
16
What is the greatest common factor of 1316574 and 74648?
602
What is the highest common factor of 3000128 and 24032?
32
Calculate the highest common divisor of 126896 and 693308.
308
What is the highest common factor of 2455 and 10764193?
491
What is the highest common factor of 136 and 1397332?
68
Calculate the greatest common divisor of 102500 and 1169375.
625
Calculate the highest common factor of 540484 and 96316.
796
What is the greatest common divisor of 121279 and 585327?
23
What is the highest common factor of 46608 and 807?
3
Calculate the greatest common divisor of 268 and 129923452.
268
What is the highest common divisor of 28563744 and 102?
6
What is the greatest common factor of 30 and 17709690?
30
What is the highest common divisor of 132 and 2951839?
11
What is the greatest common factor of 221196960 and 540?
540
What is the highest common divisor of 454302 and 121824?
2538
What is the greatest common divisor of 54252 and 328284?
396
What is the highest common factor of 8596 and 3453044?
28
Calculate the greatest common divisor of 855624 and 26628.
84
Calculate the greatest common divisor of 151006990 and 296.
74
Calculate the highest common divisor of 25514786 and 1694.
242
Calculate the highest common divisor of 6553356 and 11388.
876
Calculate the highest common factor of 13304 and 138784002.
3326
What is the highest common divisor of 21602693 and 21?
7
Calculate the greatest common factor of 106 and 2952178.
2
Calculate the highest common divisor of 381 and 2229.
3
What is the greatest common divisor of 4128870 and 330?
30
What is the highest common divisor of 12 and 27798579?
3
What is the greatest common divisor of 11029462 and 152?
38
What is the highest common factor of 4307694 and 143382?
6234
What is the greatest common factor of 60759 and 106507701?
1413
What is the highest common divisor of 530323123 and 16773?
5591
Calculate the highest common factor of 93594873 and 159.
159
Calculate the highest common divisor of 248 and 219485766.
62
Calculate the greatest common divisor of 189028 and 492823.
6751
Calculate the greatest common factor of 408792228 and 1032.
516
Calculate the greatest common factor of 46 and 46381363.
23
Calculate the highest common factor of 99826026 and 22701.
3243
Calculate the greatest common factor of 2404134 and 1287522.
11394
What is the highest common factor of 244581512 and 112?
56
Calculate the highest common factor of 41 and 261129574.
41
What is the greatest common factor of 1968087 and 2001?
69
Calculate the highest common divisor of 35690259 and 17.
17
Calculate the greatest common divisor of 64256837 and 2.
1
What is the greatest common factor of 3663 and 15692391?
99
Calculate the highest common divisor of 23965536 and 56.
56
What is the greatest common factor of 3953 and 2980763?
67
What is the highest common divisor of 70620 and 481812?
12
What is the greatest common factor of 2162 and 161866778?
2162
Calculate the highest common divisor of 2709205356 and 132.
132
What is the highest common divisor of 1936805 and 681382?
4667
What is the greatest common divisor of 136676 and 155476?
188
What is the greatest common divisor of 750264 and 9030?
258
Calculate the highest common factor of 5807873 and 4094.
89
Calculate the greatest common divisor of 24484758 and 174.
174
What is the highest common divisor of 3858228 and 3168?
396
Calculate the highest common factor of 69750 and 4090419.
279
What is the highest common factor of 17206907 and 17?
17
What is the greatest common divisor of 873 and 4883950?
97
Calculate the greatest common divisor of 27 and 7646013.
9
Calculate the highest common divisor of 75217686 and 30.
6
What is the highest common factor of 2319848 and 1102664?
3272
Calculate the highest common factor of 132 and 118680.
12
Calculate the greatest common divisor of 859915714 and 574.
574
Calculate the greatest common factor of 30648324 and 49.
49
Calculate the highest common divisor of 164773956 and 36.
12
What is the highest common factor of 204680 and 68936?
56
Calculate the greatest common factor of 1706850 and 4275.
225
What is the greatest common factor of 432 and 2757192?
24
Calculate the highest common divisor of 138130303 and 2203.
2203
Calculate the highest common divisor of 102 and 2067898785.
51
Calculate the greatest common divisor of 1587 and 53107.
23
Calculate the greatest common factor of 2151940 and 1520.
380
Calculate the highest common divisor of 76217765 and 2665.
65
What is the greatest common factor of 1 and 2603723?
1
What is the greatest common divisor of 1114862 and 280?
14
What is the greatest common factor of 7844919 and 2568?
321
What is the highest common factor of 4597994 and 69200?
346
What is the highest common factor of 4788560 and 544?
272
Calculate the greatest common factor of 108 and 31003911.
27
What is the highest common divisor of 14 and 325251052?
14
Calculate the greatest common divisor of 1099 and 215484227.
1099
What is the greatest common divisor of 469 and 203171269?
469
Calculate the highest common factor of 352562280 and 60.
60
Calculate the highest common divisor of 13 and 69199.
13
Calculate the highest common factor of 2335148 and 3572.
188
What is the greatest common factor of 93844997 and 634?
317
Calculate the greatest common factor of 135274 and 184799.
283
What is the greatest common divisor of 25146696 and 48?
24
Calculate the greatest common factor of 8118328 and 25218.
934
What is the greatest common divisor of 1247 and 1506161?
43
What is the highest common factor of 33 and 376479?
3
Calculate the highest common factor of 5653 and 3589655.
5653
What is the greatest common divisor of 405650 and 1425?
475
What is the greatest common factor of 8927 and 75421695?
79
What is the greatest common factor of 221 and 28403141?
221
Calculate the highest common divisor of 23 and 12605439.
1
What is the greatest common factor of 6552286 and 13?
13
Calculate the highest common factor of 496 and 2388488.
248
What is the greatest common factor of 484270 and 2212?
158
What is the greatest common divisor of 2581 and 206045?
29
What is the greatest common divisor of 1179 and 10666413?
1179
Calculate the highest common divisor of 20 and 76442470.
10
What is the highest common factor of 178013132 and 3597?
1199
Calculate the greatest common divisor of 1346444 and 528.
44
What is the highest common divisor of 50 and 198765430?
10
What is the greatest common divisor of 438211800 and 3900?
3900
What is the highest common factor of 45266771 and 143?
11
What is the highest common factor of 1949193 and 27?
9
What is the highest common divisor of 349401 and 11817?
39
Calculate the highest common divisor of 135252 and 535041.
1989
What is th